 9 + o. List the prime factors of s.
2, 3
Let r(m) = -m + 3. Let g be r(-13). Let i(v) = -v**3 + 16*v**2 + 2*v - 9. List the prime factors of i(g).
23
Let l = -10 + 13. What are the prime factors of l?
3
Suppose 0 = -0*u + u - 24. Suppose -c + 5*c = -4*q + 32, -5*c + u = q. What are the prime factors of q?
2
Let c = 10 - 8. Let k(a) = -2*a - 6*a + 2 + a**c + 3*a + 0. What are the prime factors of k(6)?
2
Suppose 2*x + 52 - 171 = 5*c, -5*x - 2*c = -225. List the prime factors of x.
47
Let u(a) = -5*a**2 + 2 + 4*a**2 + a + 0*a. Let d be u(0). Suppose -g - 3*q + 5 = -4, d*q - 26 = -4*g. List the prime factors of g.
2, 3
Let s(r) = 4*r. Let w be s(-2). Let k(b) = -b**3 - 7*b**2 + 7*b - 4. Let q be k(w). Suppose 16 = q*m - 2*m. What are the prime factors of m?
2
Suppose -12 = -5*d + 3. Suppose -10 = 3*l + s, 0*l = l + d*s + 6. Let g(i) = -i**3 - i**2 + i + 1. List the prime factors of g(l).
2
Let i be 1 + 1/(1/20). Suppose l = -l - 20. Let n = l + i. List the prime factors of n.
11
Let k = 6 - 2. Suppose -k*h + 60 = h. List the prime factors of h.
2, 3
Suppose -4*s - 48 = 4*a, 60 = 2*a - 7*a + 4*s. Let b = -8 + 5. Let f = b - a. What are the prime factors of f?
3
Let m = 468 - 141. List the prime factors of m.
3, 109
Let z = -30 - -54. List the prime factors of z.
2, 3
Let d = -10 - -21. List the prime factors of d.
11
Suppose -2 - 67 = -3*s. List the prime factors of s.
23
Let q(l) = -5*l**3 + 9*l**2 - 4*l + 5. Let o(z) = 2 + 10*z**2 + 3 - 5*z - 7*z**3 + z**3. Let g(u) = -4*o(u) + 5*q(u). List the prime factors of g(5).
5
Let l(v) = v**3 - 19*v**2 + 48*v + 18. List the prime factors of l(16).
2, 3
Let f(c) = -6*c - 8. Let a be f(-6). Suppose 2*u = -2*z + a, u - 3*z - 24 = -2*z. Let n = -5 + u. What are the prime factors of n?
2, 7
Suppose 5*u - 270 = 730. List the prime factors of u.
2, 5
Let j be (-12)/(1*3/(-80)). Suppose -c + 5*c = 5*i + j, 5*c - i - 400 = 0. Suppose 0*u - c = -5*u. List the prime factors of u.
2
What are the prime factors of ((-68)/85)/(2/(-145))?
2, 29
Let t = 118 + -67. List the prime factors of t.
3, 17
What are the prime factors of (-8424)/(-91) + (-3)/(-7)?
3, 31
Suppose 0 = -2*c - 1 - 3. What are the prime factors of c/(-1) - (-39)/3?
3, 5
Let v(g) = -5*g + 6. Let p be v(-4). What are the prime factors of 4*(p/4 - -2)?
2, 17
Let q(y) be the first derivative of 4*y**3/3 - y**2 + 3*y - 2. Let h be q(2). Let j = 22 - h. List the prime factors of j.
7
Suppose -5*m + 420 = 3*o, m + 3*o - 72 = -0*m. What are the prime factors of m?
3, 29
List the prime factors of ((-2)/(-5))/(9/495).
2, 11
Let r(t) = t**3 - 6*t**2 - 2*t + 6. Let b be r(6). Let f(l) = 2*l**2 + 6*l - 7. What are the prime factors of f(b)?
29
Let j be (-4)/14 - 424/(-14). Suppose 9*m - 6*m = j. What are the prime factors of m?
2, 5
Let n = 2 - 0. Let b(a) = -a - 4. Let g be b(-4). Suppose -10 = -5*o - n*j, 2*o = 4*j - g*j + 4. List the prime factors of o.
2
Suppose -26*m + 22*m = -80. List the prime factors of m.
2, 5
Let r(p) = -11*p + 2. Suppose 1 = -4*x - 7. What are the prime factors of r(x)?
2, 3
What are the prime factors of (-579)/(-9) + 14/21?
5, 13
Let j(h) = -h + 1. Let y be j(-3). Suppose -3*r - n + 7 = -4*r, y*n = -4*r + 4. Let l(s) = -3*s + 1. What are the prime factors of l(r)?
2, 5
Suppose 0 = -3*s + 3 - 0. List the prime factors of s*(1 + (-3 - -5)).
3
Let f be (-1*2)/((-14)/(-21)). Let g be (f + -20)*-1 + 0. Suppose -t - 4*r = 5 - g, -3*r + 54 = 3*t. List the prime factors of t.
2, 3
List the prime factors of 3*(-7 + 8)*57*1.
3, 19
Let c = 30 + -20. What are the prime factors of c?
2, 5
Let l(p) = p**2 + 3*p + 2. Let g be l(-2). Suppose 0 = -2*x - x + 15, -o - 4*x + 28 = 0. What are the prime factors of g/4 + o/2?
2
List the prime factors of 1 + -1 + -1 - (-9 - -6).
2
Let h = 8 - 6. Let a be 1 - 5/(5/h). What are the prime factors of (4/a)/((-3)/6)?
2
List the prime factors of 15/(-10)*220/(-6).
5, 11
Let r = 227 + -72. What are the prime factors of r?
5, 31
Let v(t) = 2*t + 5. Let b be v(-6). Let g = -4 - b. Let q = 3 + g. What are the prime factors of q?
2, 3
Let x(u) = 8 + 15 + u**2 - 4 - u**3 - 6 - 2*u. What are the prime factors of x(0)?
13
Let t be (-1)/4 + (-65)/(-20). Suppose 4*w + 3 = -t*l + 2, -16 = 4*w. List the prime factors of l.
5
Let g be 20/110 + 20/11. What are the prime factors of g/(-12) - (-870)/36?
2, 3
Let b(a) = 4*a**3 + 3*a**2 - 2*a - 1. Let k(p) = 2*p**2. Let q be k(-1). What are the prime factors of b(q)?
3, 13
What are the prime factors of (-2 + -17)*-2 + -3?
5, 7
Let b = -3 + 11. List the prime factors of b.
2
Suppose 7*m + 0*m = 1778. List the prime factors of m.
2, 127
Let c be 1*(-3 + 5 + 0). Suppose 18 = j + c*k - 3*k, -66 = -4*j - 2*k. What are the prime factors of j?
17
Suppose 0 = n - 0*n - 4. Let f = 9 - n. List the prime factors of f.
5
Let u(j) = -2*j**3 - 3*j**2 + 4*j - 7. What are the prime factors of u(-4)?
3, 19
Suppose -4*h + 48 = -0*h. Suppose 3*m = -m + h. What are the prime factors of m?
3
Let r = 626 + -226. What are the prime factors of r?
2, 5
Suppose -4*m + 2 = -2. Let f(v) = 8*v**3 - 1. What are the prime factors of f(m)?
7
Let y(h) = 2 + 0*h**2 - 2*h**2 - h**3 + 4*h**2 + 3*h**2. Let j be y(5). Suppose 0 = -5*r + j*v + 56, -3*r + v + 27 + 6 = 0. List the prime factors of r.
2, 5
Suppose -k + 2 = 2*g + 3, -14 = -k + g. List the prime factors of -9*(21/k - 3).
2, 3
Let y = 0 - -1. Suppose -9*n + 16 = -7*n. Let p = y + n. What are the prime factors of p?
3
Suppose 0*z + m = 2*z + 3, -z = 5*m + 29. Let d = 8 + z. List the prime factors of d.
2
Let u = -6 + 7. List the prime factors of u/(-5) - 243/(-15).
2
Suppose -4*f = -694 - 642. List the prime factors of f.
2, 167
Suppose 5*x - i = 4*i + 50, -5*i - 11 = -2*x. What are the prime factors of x?
13
Let w = -17 + 17. Suppose -3*k + 69 - 18 = w. What are the prime factors of k?
17
Let s(k) = k**2 - 4*k + 1. Let l be s(5). Suppose 5*t - l*x - 115 = -x, -3*t - x = -49. Suppose q + 5 = 4*i, 3*q + 2*i - 9 = t. What are the prime factors of q?
7
Let r be -1*(4 + 2 + -3). Let q(c) = 3*c**2 - 2*c + 2. Let j be q(r). Suppose -5*b + j + 25 = 0. What are the prime factors of b?
2, 3
Suppose -a - 430 = -2*d, 75 - 713 = -3*d + 5*a. What are the prime factors of d?
2, 3
Let q be 1/((6/15)/(-2)). Let t(h) = -3*h + 2 - 6 - 2 - 1. What are the prime factors of t(q)?
2
Suppose -14 = -k - 3*r, -5*k - 4*r = -4*k - 18. Suppose -k*z - z + 48 = 0. List the prime factors of z.
2
Suppose 2*r - 3*l = 12 + 1, 4*r = 2*l + 14. Suppose -r*y - 64 = -6*y. What are the prime factors of y?
2
Suppose 4*f + 0*f = 232. Let a be (5/4)/((-2)/(-8)). Suppose 2 + 4 = 3*c, f = a*l + 4*c. List the prime factors of l.
2, 5
Suppose 2*k = -5*o + 13 + 63, 15 = 5*k. Suppose -49 = -2*n - 3*n - 4*p, -2*p + 2 = 0. Let d = o - n. What are the prime factors of d?
5
Suppose 5 = -5*w, 2*c + 2 = 4*c + 4*w. Suppose c*q = 3*b + 33, -4 = q - 5*q - 4*b. Suppose q*g - 12 = 2*g. List the prime factors of g.
3
Let r(k) = k**2 + 5*k - 2. Let l be r(-6). List the prime factors of l/(12/27) + -3.
2, 3
Suppose q + 12 = 3*t - 2, 2*q = -5*t + 27. Suppose -n + 3*f = -f - 18, 0 = -t*n + f + 52. What are the prime factors of n?
2, 5
Suppose 5*t = 5*c - 785, -3*c + c + 4*t = -308. List the prime factors of c.
2, 5
What are the prime factors of (-9 - 1)*(-36)/30?
2, 3
Let i = 11 + -7. Suppose -38 = -i*c + 22. What are the prime factors of c?
3, 5
Let p = 316 + -67. What are the prime factors of p?
3, 83
Suppose 0 = d - 0*u - 5*u - 185, 0 = d + 4*u - 167. What are the prime factors of d?
5, 7
Let n(w) = w + 40. List the prime factors of n(0).
2, 5
Let r = 17 - -34. List the prime factors of r.
3, 17
Let n(x) be the third derivative of x**5/30 + x**4/24 + x**3/6 - 2*x**2. Let a be (1 - 5)*2/4. List the prime factors of n(a).
7
Let a(m) = 3*m + 6. Let l = 19 + -13. List the prime factors of a(l).
2, 3
Let x(h) = h**2 - 11*h + 6. Let n be x(6). Let y = -6 - n. Let d = y - 13. What are the prime factors of d?
5
Let i(l) = 3*l - 7. Let f be (7/14)/((-1)/(-14)). List the prime factors of i(f).
2, 7
Let c = 2 - 5. List the prime factors of 1/(c/6) - -21.
19
Let k(q) be the first derivative of q**3/3 + q**2/2 + q - 4. What are the prime factors of k(-5)?
3, 7
Suppose -10*q = -7*q - 192. List the prime factors of q.
2
Let i = 88 